0 divide b?
False
Suppose -5*q + 156 = -2*q. Is 12 a factor of q?
False
Let z = 6 + -1. Suppose 42 = z*q - 193. Does 13 divide q?
False
Let c = 18 + -16. Is -3 + (5 - c - -84) a multiple of 14?
True
Let a(d) = d**3 - 9*d**2 - d - 15. Let x(j) = j + 1. Let w(c) = a(c) + 2*x(c). Let u be w(9). Is 8 a factor of 3/u - 150/(-8)?
False
Let i(p) = 58*p**2 + p - 1. Let c be i(1). Let z = c - 2. Let d = z + -29. Is d a multiple of 7?
False
Suppose 5*l - 393 - 102 = -5*d, 0 = 2*l - 5*d - 177. Does 8 divide l?
True
Let n(f) = f**2 - 11*f + 8. Let v be n(10). Let l = v + 25. Is l a multiple of 9?
False
Let b = 18 - 15. Suppose -3*k + 117 = b*f, 2*f - 2*k = -6*k + 82. Is f a multiple of 12?
False
Suppose -r = 3*t - 113, 3*t = -0*t - 2*r + 109. Is 13 a factor of t?
True
Let d(c) = -c**2 - 8*c + 3. Let g be d(-9). Is (-235)/g + (-5)/30 a multiple of 10?
False
Let q(a) = -a - 1. Let l be q(-7). Suppose 0 = 2*r + n + n - 158, -2*r = n - 159. Suppose 0 = l*k - 2*k - r. Does 10 divide k?
True
Let y(h) = -h**2 - 7*h + 2. Let j be y(-7). Does 6 divide 3 + j/((-6)/(-27))?
True
Let i(r) = r**2 - 4*r. Let f be i(3). Is 3 a factor of (-10)/3*f/2?
False
Suppose 40 + 23 = 3*p. Is p a multiple of 14?
False
Suppose 2*f - 1 = -3, -3*d + 25 = -4*f. Is d a multiple of 7?
True
Let h = -8 + 13. Let l = h + -1. Is (-1304)/(-36) - l/18 a multiple of 12?
True
Let i(a) = 16*a - 16. Is 24 a factor of i(13)?
True
Suppose m = 6*m, 0 = -5*g - 3*m - 65. Let v(q) = -q**2 - 14*q + 2. Does 13 divide v(g)?
False
Let j(w) = w. Let v(m) = -m + 5. Let q be v(6). Let c(y) = y**2 + 9*y - 4. Let h(f) = q*c(f) + 3*j(f). Is h(-6) a multiple of 3?
False
Does 5 divide (0 + -1)/(-1)*5?
True
Is (3 - -87)/((-4)/(-6)) a multiple of 15?
True
Suppose m + 3*u + 0 - 1 = 0, -3*m + 3*u = -15. Suppose -4*s = -m*b + 32, 2*s - 4*s = -5*b + 34. Does 3 divide b?
True
Let x = 139 + -1. Does 25 divide x?
False
Suppose 2*s = 4*a + 10, -s + 0*a + a = -3. Suppose n = 4*t - s - 3, 0 = 4*n + 3*t - 3. Suppose n = -3*z + 5*w + 22, z = -4*z + 5*w + 50. Does 11 divide z?
False
Let b(p) = p + 2 + 14 + 1 + 2. Does 9 divide b(0)?
False
Is (3 - 0 - 5)/((-1)/11) a multiple of 3?
False
Suppose -a = -0*a - 64. Suppose 4*w = a - 4. Does 6 divide w?
False
Suppose -2*h + 3*h = 5*j + 20, -4*j - 4*h = 40. Let r = 9 + j. Suppose 0 = g - r*g + 30. Does 10 divide g?
True
Suppose -3*s + 65 = 5*g, g + 3*g = -8. Suppose -l + 2*l - 5*z = 13, l - s = -z. Is 6 a factor of l?
False
Suppose -4*m + 2*l + 94 = 0, -3*m = -6*m - 3*l + 48. Is m a multiple of 5?
False
Suppose -5*c + 206 = p, -p - 3*p + 3*c = -893. Is p a multiple of 14?
False
Let l(j) = j**3 + 3*j**2 - 4*j + 6. Let d be l(-5). Let o = 50 + d. Does 26 divide o?
True
Let w(l) = l**3 + 6*l**2 - 8*l - 7. Let o be (-2 + 3)*-1*7. Let j be w(o). Suppose -6*n + 3*n + 60 = j. Is n a multiple of 10?
True
Let b(z) = z**2 + 16*z + 4. Is 20 a factor of b(-18)?
True
Let m(f) = -f**3 - 4*f**2 - f + 7. Suppose -3*c - 6 - 6 = 0. Does 10 divide m(c)?
False
Let r be ((-24)/(-30))/((-1)/5). Let b = 36 + r. Does 13 divide b?
False
Let g(t) = -t**3 + 3*t**2 + 4*t + 3. Let r be g(4). Does 22 divide (-4)/(-12) + 65/r?
True
Let a = -3 + 8. Does 2 divide a?
False
Let a be 6 - 1*-2 - (-2)/1. Let b be (-4)/(4/(-2)) + 2. Let i = a - b. Is 6 a factor of i?
True
Suppose -3*c + c + 118 = 0. Is 26 a factor of c?
False
Let r = -8 - -53. Is 9 a factor of r?
True
Let z(l) = -4*l**2 + 5*l + 7. Let c(a) = 7*a**2 - 9*a - 14. Let r(b) = 3*c(b) + 5*z(b). Is 14 a factor of r(-5)?
True
Let o(a) = -2*a + 18. Is 9 a factor of o(0)?
True
Let t = -67 + 95. Is 4 a factor of t?
True
Let h be 1/(-3) - (-11740)/(-15). Does 27 divide ((-2)/3)/(6/h)?
False
Let p be 8*(2 + 9/(-12)). Let q be 5/(10/16) + 2. Is (-4)/q + 134/p a multiple of 13?
True
Suppose 4*x = 6*x + 8, 0 = 3*p + 3*x - 30. Suppose n = -p + 38. Is n a multiple of 8?
True
Let y(i) = i**3 + 2*i**2 - i + 2. Let x be y(-2). Suppose 0 = x*t - 0*t. Suppose 3*s - 5*s - 2*o = -32, t = -s + o + 6. Is s a multiple of 5?
False
Suppose 6*j - 3*j - 36 = 0. Is 6 a factor of j?
True
Let h(a) = 4*a**3 - a + 1. Let p be h(1). Suppose p*t - 25 = -t. Is t a multiple of 5?
True
Let s(r) = -24*r + 2*r**3 - 4*r**2 - r**3 + 22*r + 2. Is 11 a factor of s(5)?
False
Suppose 3*c - 2*v = -0*c - 56, -2*v = 4. Let n = 0 - c. Let x = n - 4. Is 7 a factor of x?
False
Let a(t) = t**3 - 4*t**2 + t - 4. Let q be a(3). Is (q/25)/(2/(-80)) a multiple of 8?
True
Let o(m) = m**2 - 4*m - 30. Is 15 a factor of o(-6)?
True
Suppose 1 = -3*p + 2*v, -4*v = -2*p - p + 7. Let c = p - -6. Does 15 divide 15 - 0/(c/1)?
True
Let w(x) = -x**3 + 5*x. Does 22 divide w(-4)?
True
Let l(x) = 14*x - 3. Let g(p) = -85*p + 17. Let q(n) = -3*g(n) - 17*l(n). Let s be q(1). Let i = 27 - s. Is i a multiple of 8?
False
Suppose -4*y + r + 9 = 0, -y = 3*y + 4*r - 4. Suppose y*q = 5 + 3. Suppose -q*t = 3*n - 41, 0 = -5*t + t - 16. Is 19 a factor of n?
True
Let m(o) = o**2 + 6. Let d(z) = -z**2 - 5. Suppose -2*g + 4 = -3*g. Let w(k) = g*d(k) - 3*m(k). Is 7 a factor of w(-3)?
False
Let z(r) = -2*r**2 - r - 3. Let h be z(-6). Let b = -41 - h. Is 13 a factor of b?
False
Suppose -x + 0*x = 0. Suppose -3*r + x*r = -z - 165, 2*r - 100 = 4*z. Suppose -v + 5*v = r. Does 14 divide v?
True
Let m(u) = 2*u**2 + 25*u + 6. Does 26 divide m(-17)?
False
Let n = -67 - -114. Suppose -n = -3*m + 22. Is 6 a factor of m?
False
Let r(n) = n**2 + 5*n + 7. Let z be r(-6). Let j = z - 8. Suppose 4*f + 12 = -y, -j*y - 3*f = -6*f - 32. Does 2 divide y?
True
Suppose 8*v = 2*v + 12. Suppose v*w - 12 + 4 = 5*k, -k = 0. Is 4 a factor of w?
True
Let a(u) = u**2 - u - 2. Suppose 2*d - 3 = 7. Does 9 divide a(d)?
True
Let o = 0 + 0. Suppose -2*d + 0*d + 4*y - 4 = o, 0 = 2*d + 2*y - 26. Let r(n) = n**2 - 6*n. Does 9 divide r(d)?
False
Let u be ((-8)/(-1) - 3) + -3. Suppose 2*t - 7*t + 7 = -k, -u*k = -4*t + 8. Does 17 divide 2/(k*(-1)/18)?
False
Suppose 5*n + 5*a = 70, -34 = -0*n - n + 3*a. Is n a multiple of 17?
False
Suppose 0 = -v - 2*d - 0*d + 10, -3*v = 4*d - 22. Let m be (-1 - -2)/((-1)/(-2)). Suppose 0 = x + v - 3, -m*s - 2*x + 18 = 0. Is 4 a factor of s?
True
Let j(h) = 3*h - 1. Let m be j(1). Suppose m*w = -3*w + 265. Is w a multiple of 24?
False
Let u be 6/9 - (-29)/(-3). Is 9*(-2 - 84/u) a multiple of 22?
True
Let c = -5 + 5. Suppose 4*b = -c*b - 4. Does 11 divide -66*(-3)/(-6)*b?
True
Suppose 3 = 2*f - 5. Suppose 0*y = 4*y - 5*g - f, 22 = 5*y - 2*g. Is 4 a factor of y?
False
Let l = 15 - 10. Let f = 29 - l. Suppose -x - 6 + f = 4*h, 2*x - 24 = -2*h. Does 10 divide x?
True
Let c(x) = x**2 + 2*x + 1. Let v be c(-3). Suppose d = -d - v, -5*t = -d - 392. Suppose 0 = -h - 2*h + t. Does 13 divide h?
True
Let o = 71 - -107. Is o a multiple of 32?
False
Suppose 0 = -2*w - 13 + 1. Is 27 a factor of ((-552)/9)/(w/9)?
False
Suppose 0*w = -7*w + 546. Does 13 divide w?
True
Let w = -39 + 59. Is 6 a factor of w?
False
Is 1*37 + 11 + -15 a multiple of 7?
False
Let i be ((-10)/(-4))/((-17)/(-68)). Is 4 a factor of ((-2)/4)/(i/(-340))?
False
Does 39 divide (-5764)/(-22) + 2/(2/(-2))?
False
Let j(o) = 11*o - 7. Let i(b) = -6*b + 3. Let q(n) = -15*i(n) - 6*j(n). Let s be q(-3). Let h = -26 - s. Is h a multiple of 24?
False
Suppose -4*h = 3*u + 39, -3*u + 0*h - 30 = h. Does 6 divide (-98)/(-6) + 3/u?
False
Let j be 112*(0 + (-6)/(-7)). Suppose w = -3*w - 2*o + 128, j = 3*w + 4*o. Is 16 a factor of w?
True
Let d be 2 + -1 + -5 + 3. Is (d/(-3))/((-4)/(-228)) a multiple of 19?
True
Let h = 1 + 4. Suppose 9 - 51 = -w - q, -4*w - h*q = -173. Does 13 divide w?
False
Let l(g) = 39*g**2 - g + 3. Let b be l(3). Let s = -197 + b. Suppose -5*x = 2*z - 54, 5*z + 0*x + 3*x = s. Is z a multiple of 16?
True
Suppose -3*k = -3*o - 2*o + 357, -4*k = -2*o + 140. Is 24 a factor of o?
True
Suppose 0 = m - 2*b, -5*m + 8 = -0*b - 2*b. Let l be (6/(-9))/(8/228). Is 9 a factor of (l/(-2))/(m/4)?
False
Let x be -67 + (-2 - -1)/1. Is 17 a factor of (x/6)/(6/(-18))?
True
Suppose -3*i - 4 = 4*f - 3*f, -4*f - 2*i - 46 = 0. Let h = f + 37. Is h a multiple of 12?
True
Let j = 52 + -6. Does 23 divide j?
True
Suppose -82 = -2*i + 5*m, -2*m - 27 = -3*i + 118. Does 17 divide i?
True
Suppose -5*y + 2*j = 16, -2 = -2*y - 4*j + 6. Let f = y + 6. Is 3 a factor of f?
False
Suppose 2*s = 4*a - 4 - 12, 5*a + 3*s - 20 = 0. L